{"id":62,"date":"2023-07-27T18:04:27","date_gmt":"2023-07-27T21:04:27","guid":{"rendered":"https:\/\/centro-labor.com.br\/site\/?page_id=62"},"modified":"2024-02-05T18:31:10","modified_gmt":"2024-02-05T21:31:10","slug":"exames","status":"publish","type":"page","link":"https:\/\/centro-labor.com.br\/site\/exames\/","title":{"rendered":"Exames"},"content":{"rendered":"\t\t<div data-elementor-type=\"wp-page\" data-elementor-id=\"62\" class=\"elementor elementor-62\" data-elementor-post-type=\"page\">\n\t\t\t\t\t\t<section class=\"elementor-section elementor-top-section elementor-element elementor-element-64f9b8d9 elementor-section-full_width elementor-section-height-default elementor-section-height-default\" data-id=\"64f9b8d9\" data-element_type=\"section\" data-settings=\"{&quot;background_background&quot;:&quot;classic&quot;}\">\n\t\t\t\t\t\t\t<div class=\"elementor-background-overlay\"><\/div>\n\t\t\t\t\t\t\t<div class=\"elementor-container elementor-column-gap-default\">\n\t\t\t\t\t<div class=\"elementor-column elementor-col-100 elementor-top-column elementor-element elementor-element-21b8702\" data-id=\"21b8702\" data-element_type=\"column\">\n\t\t\t<div class=\"elementor-widget-wrap elementor-element-populated\">\n\t\t\t\t\t\t<div class=\"elementor-element elementor-element-1b3b32c elementor-widget elementor-widget-theme-post-title elementor-page-title elementor-widget-heading\" data-id=\"1b3b32c\" data-element_type=\"widget\" data-widget_type=\"theme-post-title.default\">\n\t\t\t\t<div class=\"elementor-widget-container\">\n\t\t\t<style>\/*! elementor - v3.20.0 - 13-03-2024 *\/\n.elementor-heading-title{padding:0;margin:0;line-height:1}.elementor-widget-heading .elementor-heading-title[class*=elementor-size-]>a{color:inherit;font-size:inherit;line-height:inherit}.elementor-widget-heading .elementor-heading-title.elementor-size-small{font-size:15px}.elementor-widget-heading .elementor-heading-title.elementor-size-medium{font-size:19px}.elementor-widget-heading .elementor-heading-title.elementor-size-large{font-size:29px}.elementor-widget-heading .elementor-heading-title.elementor-size-xl{font-size:39px}.elementor-widget-heading .elementor-heading-title.elementor-size-xxl{font-size:59px}<\/style><h1 class=\"elementor-heading-title elementor-size-default\">Exames<\/h1>\t\t<\/div>\n\t\t\t\t<\/div>\n\t\t\t\t\t<\/div>\n\t\t<\/div>\n\t\t\t\t\t<\/div>\n\t\t<\/section>\n\t\t\t\t<section class=\"elementor-section elementor-top-section elementor-element elementor-element-3d1b9309 elementor-section-boxed elementor-section-height-default elementor-section-height-default\" data-id=\"3d1b9309\" data-element_type=\"section\">\n\t\t\t\t\t\t<div class=\"elementor-container elementor-column-gap-default\">\n\t\t\t\t\t<div class=\"elementor-column elementor-col-100 elementor-top-column elementor-element elementor-element-199e8092\" data-id=\"199e8092\" data-element_type=\"column\" data-settings=\"{&quot;background_background&quot;:&quot;classic&quot;}\">\n\t\t\t<div class=\"elementor-widget-wrap elementor-element-populated\">\n\t\t\t\t\t\t<div class=\"elementor-element elementor-element-77098dd2 elementor-widget elementor-widget-text-editor\" data-id=\"77098dd2\" data-element_type=\"widget\" data-widget_type=\"text-editor.default\">\n\t\t\t\t<div class=\"elementor-widget-container\">\n\t\t\t<style>\/*! elementor - v3.20.0 - 13-03-2024 *\/\n.elementor-widget-text-editor.elementor-drop-cap-view-stacked .elementor-drop-cap{background-color:#69727d;color:#fff}.elementor-widget-text-editor.elementor-drop-cap-view-framed .elementor-drop-cap{color:#69727d;border:3px solid;background-color:transparent}.elementor-widget-text-editor:not(.elementor-drop-cap-view-default) .elementor-drop-cap{margin-top:8px}.elementor-widget-text-editor:not(.elementor-drop-cap-view-default) .elementor-drop-cap-letter{width:1em;height:1em}.elementor-widget-text-editor .elementor-drop-cap{float:left;text-align:center;line-height:1;font-size:50px}.elementor-widget-text-editor .elementor-drop-cap-letter{display:inline-block}<\/style>\t\t\t\t<p>O laborat\u00f3rio realiza exames diagn\u00f3sticos, dos mais simples aos especiais, em todos os setores de an\u00e1lises cl\u00ednicas, como: Hematologia, Bioqu\u00edmica, Microbiologia, Imunologia, Horm\u00f4nios e Parasitologia, assim como, exames de Citopatologia e Anatomia Patol\u00f3gica.<\/p>\t\t\t\t\t\t<\/div>\n\t\t\t\t<\/div>\n\t\t\t\t<div class=\"elementor-element elementor-element-218fa1a elementor-widget elementor-widget-image\" data-id=\"218fa1a\" data-element_type=\"widget\" data-widget_type=\"image.default\">\n\t\t\t\t<div class=\"elementor-widget-container\">\n\t\t\t<style>\/*! elementor - v3.20.0 - 13-03-2024 *\/\n.elementor-widget-image{text-align:center}.elementor-widget-image a{display:inline-block}.elementor-widget-image a img[src$=\".svg\"]{width:48px}.elementor-widget-image img{vertical-align:middle;display:inline-block}<\/style>\t\t\t\t\t\t\t\t\t\t<img fetchpriority=\"high\" decoding=\"async\" width=\"750\" height=\"245\" src=\"https:\/\/centro-labor.com.br\/site\/wp-content\/uploads\/2023\/07\/Exames-1024x335.jpg\" class=\"attachment-large size-large wp-image-354\" alt=\"\" srcset=\"https:\/\/centro-labor.com.br\/site\/wp-content\/uploads\/2023\/07\/Exames-1024x335.jpg 1024w, https:\/\/centro-labor.com.br\/site\/wp-content\/uploads\/2023\/07\/Exames-300x98.jpg 300w, https:\/\/centro-labor.com.br\/site\/wp-content\/uploads\/2023\/07\/Exames-768x251.jpg 768w, https:\/\/centro-labor.com.br\/site\/wp-content\/uploads\/2023\/07\/Exames-1536x502.jpg 1536w, https:\/\/centro-labor.com.br\/site\/wp-content\/uploads\/2023\/07\/Exames.jpg 1998w\" sizes=\"(max-width: 750px) 100vw, 750px\" \/>\t\t\t\t\t\t\t\t\t\t\t\t\t<\/div>\n\t\t\t\t<\/div>\n\t\t\t\t<div class=\"elementor-element elementor-element-2ea0d64 elementor-widget elementor-widget-text-editor\" data-id=\"2ea0d64\" data-element_type=\"widget\" data-widget_type=\"text-editor.default\">\n\t\t\t\t<div class=\"elementor-widget-container\">\n\t\t\t\t\t\t\t<p><strong>COLETA DOMICILIAR<\/strong><br \/>Se n\u00e3o for poss\u00edvel o seu deslocamento at\u00e9 nossas unidades para realizar seus exames laboratoriais, iremos at\u00e9 voc\u00ea.<\/p><p>Basta agendar clicando <a href=\"https:\/\/centro-labor.com.br\/site\/fale-conosco\/\"><strong>AQUI<\/strong><\/a>.<\/p><p><strong>RESULTADOS DE EXAMES<\/strong><br \/>Voc\u00ea poder\u00e1 obt\u00ea-los pessoalmente na recep\u00e7\u00e3o ou receber em e-mail cadastrado.<\/p><p>Quando necess\u00e1rio, enviamos os resultados dos exames diagn\u00f3sticos diretamente para o seu m\u00e9dico, SEM CUSTO, caso informe o e-mail na recep\u00e7\u00e3o.<\/p><p style=\"text-align: center;\"><br \/><strong>O CENTRO-LABOR PARTICIPA DO PROGRAMA NACIONAL DE CONTROLE DE QUALIDADE &#8211; IPNCQ\/SBAC.<\/strong><\/p>\t\t\t\t\t\t<\/div>\n\t\t\t\t<\/div>\n\t\t\t\t<div class=\"elementor-element elementor-element-5a58a166 elementor-widget elementor-widget-spacer\" data-id=\"5a58a166\" data-element_type=\"widget\" data-widget_type=\"spacer.default\">\n\t\t\t\t<div class=\"elementor-widget-container\">\n\t\t\t<style>\/*! elementor - v3.20.0 - 13-03-2024 *\/\n.elementor-column .elementor-spacer-inner{height:var(--spacer-size)}.e-con{--container-widget-width:100%}.e-con-inner>.elementor-widget-spacer,.e-con>.elementor-widget-spacer{width:var(--container-widget-width,var(--spacer-size));--align-self:var(--container-widget-align-self,initial);--flex-shrink:0}.e-con-inner>.elementor-widget-spacer>.elementor-widget-container,.e-con>.elementor-widget-spacer>.elementor-widget-container{height:100%;width:100%}.e-con-inner>.elementor-widget-spacer>.elementor-widget-container>.elementor-spacer,.e-con>.elementor-widget-spacer>.elementor-widget-container>.elementor-spacer{height:100%}.e-con-inner>.elementor-widget-spacer>.elementor-widget-container>.elementor-spacer>.elementor-spacer-inner,.e-con>.elementor-widget-spacer>.elementor-widget-container>.elementor-spacer>.elementor-spacer-inner{height:var(--container-widget-height,var(--spacer-size))}.e-con-inner>.elementor-widget-spacer.elementor-widget-empty,.e-con>.elementor-widget-spacer.elementor-widget-empty{position:relative;min-height:22px;min-width:22px}.e-con-inner>.elementor-widget-spacer.elementor-widget-empty .elementor-widget-empty-icon,.e-con>.elementor-widget-spacer.elementor-widget-empty .elementor-widget-empty-icon{position:absolute;top:0;bottom:0;left:0;right:0;margin:auto;padding:0;width:22px;height:22px}<\/style>\t\t<div class=\"elementor-spacer\">\n\t\t\t<div class=\"elementor-spacer-inner\"><\/div>\n\t\t<\/div>\n\t\t\t\t<\/div>\n\t\t\t\t<\/div>\n\t\t\t\t\t<\/div>\n\t\t<\/div>\n\t\t\t\t\t<\/div>\n\t\t<\/section>\n\t\t\t\t<\/div>\n\t\t","protected":false},"excerpt":{"rendered":"<p>O laborat\u00f3rio realiza exames diagn\u00f3sticos, dos mais simples aos especiais, em todos os setores de an\u00e1lises cl\u00ednicas, como: Hematologia, Bioqu\u00edmica, Microbiologia, Imunologia, Horm\u00f4nios e Parasitologia, assim como, exames de Citopatologia e Anatomia Patol\u00f3gica. COLETA DOMICILIARSe n\u00e3o for poss\u00edvel o seu deslocamento at\u00e9 nossas unidades para realizar seus exames laboratoriais, iremos [&hellip;]<\/p>\n","protected":false},"author":1,"featured_media":0,"parent":0,"menu_order":0,"comment_status":"closed","ping_status":"closed","template":"elementor_header_footer","meta":{"footnotes":""},"class_list":["post-62","page","type-page","status-publish","hentry"],"_links":{"self":[{"href":"https:\/\/centro-labor.com.br\/site\/wp-json\/wp\/v2\/pages\/62","targetHints":{"allow":["GET"]}}],"collection":[{"href":"https:\/\/centro-labor.com.br\/site\/wp-json\/wp\/v2\/pages"}],"about":[{"href":"https:\/\/centro-labor.com.br\/site\/wp-json\/wp\/v2\/types\/page"}],"author":[{"embeddable":true,"href":"https:\/\/centro-labor.com.br\/site\/wp-json\/wp\/v2\/users\/1"}],"replies":[{"embeddable":true,"href":"https:\/\/centro-labor.com.br\/site\/wp-json\/wp\/v2\/comments?post=62"}],"version-history":[{"count":25,"href":"https:\/\/centro-labor.com.br\/site\/wp-json\/wp\/v2\/pages\/62\/revisions"}],"predecessor-version":[{"id":455,"href":"https:\/\/centro-labor.com.br\/site\/wp-json\/wp\/v2\/pages\/62\/revisions\/455"}],"wp:attachment":[{"href":"https:\/\/centro-labor.com.br\/site\/wp-json\/wp\/v2\/media?parent=62"}],"curies":[{"name":"wp","href":"https:\/\/api.w.org\/{rel}","templated":true}]}}